*2/2 - 57*m + 16. Let s be h(19). What is the tens digit of -1 - s - (-256)/(1 - -3)?
6
Let q be (15/9 + -2)*(4 - 1). Let i(a) = -6*a**2 + a + 24. Let u(z) = z**2 - z + 1. Let h(r) = q*i(r) - 5*u(r). What is the hundreds digit of h(-15)?
1
What is the thousands digit of (0 + -1479)/(160/(-640))?
5
Let v be 4221/14*(-4)/(-6). Let n(w) = 373*w**3 + w. Let x be n(1). Suppose 3*z - 5*b - 185 - x = 0, 2*b = -z + v. What is the units digit of z?
3
Suppose o - 1 = 1. What is the units digit of 2 + 2 + (1520/4 - o)?
2
Let y be ((-2)/3)/(-2) + 2024/(-24). Let v = y - -51. Let j = 45 + v. What is the tens digit of j?
1
Let s be 2/(((-6)/(-84))/((-16)/(-7))). Suppose 1686 = 67*f - s*f. What is the hundreds digit of f?
5
Let g(m) = -4*m + 41. Let u be g(-19). Suppose 570 = h - 5*i - u, -4*h = -5*i - 2688. What is the tens digit of h?
6
Suppose 2*a = 3*b + 129, a - 45 - 40 = 2*b. What is the units digit of (-5724)/(-5) - b/205?
5
Let w(u) = 536*u**3 - 4*u**2 - 2*u + 5. Let l(z) = -535*z**3 + 4*z**2 + 2*z - 6. Let y(g) = -6*l(g) - 7*w(g). What is the units digit of y(-1)?
5
Let k(x) = x**3 - 2*x**2 + 3*x - 11. Let q = -91 - -86. Let a be k(q). Let v = -115 - a. What is the units digit of v?
6
Suppose 4*q - 2*q - 64 = -a, -2*a + 3*q = -93. Let g = a + -27. Suppose 3*b + 3*w - g = 0, 10 = 2*b + 3*b - 2*w. What is the units digit of b?
4
Let w = 137 - 98. Suppose -w*n + 12945 = -24*n. What is the units digit of n?
3
Suppose 6*b - 5*b + i = -680, -5*i = -2*b - 1346. Let o = b + 1376. What is the hundreds digit of o?
6
Let b(y) = 19*y + 16*y**2 - 20 - 41 + 4*y - 7*y. What is the units digit of b(6)?
1
Let z = -54593 + 82994. What is the hundreds digit of z?
4
Let h be (4 - (-16968)/(-8)) + 0 + -2. What is the tens digit of (h/26)/((-1)/4)*1?
2
Let a = 356 - 352. Suppose -a*y + 144 = 5*h - 2063, -3*y = 4*h - 1656. What is the tens digit of y?
4
Let y = 9760 + -1464. What is the tens digit of y?
9
Suppose -5*l - 7 = -y - 5, -4*y - 4*l + 104 = 0. Suppose -y*k + 15793 = -2555. What is the units digit of k?
4
Let b(t) = -t**2 + 208*t + 12. What is the hundreds digit of b(120)?
5
Let i(o) be the third derivative of -39*o**4/4 - 67*o**3/6 - 93*o**2 - 1. What is the hundreds digit of i(-3)?
6
Let n(z) = 157*z**2 - 78*z - 25. What is the tens digit of n(19)?
7
Let s be (304*-1)/(2/(-6)*6). Suppose 0 = 5*p - 3*r - s, -r - 109 - 14 = -4*p. What is the units digit of p?
1
Suppose -6*z = -23*z + 59313. What is the thousands digit of z?
3
Let i be -4 - 43705/25 - 7/(-35). What is the hundreds digit of (1 - (9 + -5))*i/9?
5
Let d(g) = -5*g**2 - 40*g + 70. Let b(w) = -2*w**2 - 13*w + 23. Let v(s) = -8*b(s) + 3*d(s). Let y be v(14). What is the units digit of (-1 - 142/y)/1?
0
Suppose 5*z = 5*q - 123185, 0 = -113*q + 108*q + 4*z + 123182. What is the thousands digit of q?
4
Let b = 76 + -75. What is the units digit of b/(((-10)/50)/(547/(-5)))?
7
Let b(c) = 13*c. Let t be b(-1). Let d = 11 + t. What is the hundreds digit of d/2 + -2 + 133?
1
Let t = -1069 + 7781. What is the tens digit of t?
1
Suppose -3323*w - 6840 = -3328*w. What is the hundreds digit of w?
3
Let r be -3 + -3 + 80/4. Suppose -2*o = -2*h + 2450, 2455 = 2*h - r*o + 11*o. What is the tens digit of h?
2
Suppose -2*y = 3*j - 4, -4*y + 2 + 6 = -5*j. Suppose j = 2*v + 8. What is the units digit of (66/(-12) - -4)/(2/v)?
3
Let m(i) = -39 - 3*i + 2*i - 96*i**2 + 41. Let r(a) = -287*a**2 - 3*a + 6. Let o(b) = 17*m(b) - 6*r(b). What is the units digit of o(1)?
9
Let b(o) = -608*o**3 + 2*o**2 - 1. Let k be b(-1). Let u(m) = 5*m**3 - 45*m**2 + 15*m - 12. Let n be u(7). Let a = n + k. What is the units digit of a?
2
Let w(h) = 3*h**3 + 24*h**2 - 24*h + 15. Let l be w(-11). Let c = 1718 + l. What is the hundreds digit of c?
9
Let n(q) be the first derivative of q**5/20 - q**4/4 + q**3 + 20*q + 1. Let i(x) be the first derivative of n(x). What is the units digit of i(5)?
0
Let r = -95 + 178. Let t = -85 + r. What is the units digit of (79/t)/(-1)*(-110)/(-55)?
9
Suppose 0 = -26*d + 2*d + 178603 + 1143389. What is the units digit of d?
3
What is the hundreds digit of 2*24356 - (-179 - -170)?
7
Let s be (0/1)/(-4)*(-4)/8. Suppose 4*f + 5*x - 593 = 0, s = 2*f + 2*f + 3*x - 583. What is the units digit of f*(1/(-2))/((-3)/6)?
2
Suppose -166*d + 5751359 = 400515. What is the tens digit of d?
3
Let m = -24978 - -44174. What is the units digit of m?
6
Suppose a = i - 5, 0 = -11*a + 7*a + i - 5. Suppose a = 3*p - 1427 - 322. What is the tens digit of p?
8
Let d = -8330 + 11931. What is the units digit of d?
1
Let l be 2 - ((-2)/4 - (-7)/(-2)). What is the tens digit of l*3*23 + 20 + -16?
1
Suppose -12 = -11*m + 32. Suppose -225 = -x + 2*r, 1195 = 5*x - 0*x + m*r. What is the hundreds digit of x?
2
Let b(f) = -1401*f - 2290. What is the units digit of b(-30)?
0
Let c(h) = -11*h - 6 + 3 - 6. Let t be c(-3). What is the tens digit of (37/1)/(-23 + t)?
3
Let t(m) = -1130*m**3 - 2*m**2 + 4*m - 3. Let z be t(1). Let r = z - -2341. What is the thousands digit of r?
1
Suppose -2*t + 34650 = 3*s, t + t = -s + 11558. What is the ten thousands digit of s?
1
Let w = 2 - -2. Suppose -t - 2*s - 11 = 0, 42 = -t + 5*s - w. What is the tens digit of (306/t)/((-65)/(-35) - 2)?
0
Suppose 16 = 2*t - 4*g, 0*t + 5*t - 24 = 2*g. Suppose 0 = t*m + 2*k - 2770, -2*m + 90 = -5*k - 1325. Suppose -235 = -10*v + m. What is the tens digit of v?
9
What is the tens digit of -3 - 766809/(-21) - ((-200)/(-35) - 6)?
1
Suppose 0 = -4*s + 20, 11*u - 70205 = 6*u - s. What is the units digit of u?
0
Let k be 884/10 - (-8)/(-20). Suppose 51 + 25 = h - y, -h - 3*y + k = 0. Let l = 209 - h. What is the hundreds digit of l?
1
Let m(h) = 38*h**2 - 27*h + 1409. What is the ten thousands digit of m(26)?
2
Let k(g) be the first derivative of g**2/2 - 2*g - 12. Let m be k(6). Suppose m*s = 4*a - 339 - 161, 3*a + 4*s = 389. What is the tens digit of a?
2
Suppose 229*i + 244*i + 143940 = 488*i. What is the units digit of i?
6
Suppose -98*h + 90*h = 272. What is the hundreds digit of 416/13*h/(-2)?
5
Let y(p) = -4*p**2 - 14*p - 164. Let a be y(38). What is the thousands digit of (a/(-10))/((-50)/(-125))?
1
Let v = 57010 + -33384. What is the units digit of v?
6
Let z be (-3 - -3)/(8 - 9). Suppose z = 2*u - 5*a - 817, 4*u = -8*a + 4*a + 1648. What is the hundreds digit of u?
4
Let h(v) = -v - 7. Let c be h(-12). Suppose -c*m + 18 = 3. Suppose -3*i + 156 = m*j, -2*i - j + 196 = 2*i. What is the units digit of i?
8
Let d(a) = -a**3 + 9*a**2 - 8*a + 2. Let r be d(8). Let x be (r/7)/((-5)/(-35)). Suppose 5*t = -4*v + 280 + 80, 4*v = -x*t + 132. What is the units digit of t?
6
Let g(j) = -3*j + 157*j**2 + 35 - 16*j - 156*j**2. Let x be g(19). Suppose -78 = -x*o + 34*o. What is the tens digit of o?
7
Let r be (-2)/(-2) - (-5)/((-35)/(-574)). Suppose -2*i - 58 = -3*y + y, 3*y - 4*i = r. What is the tens digit of y?
3
Let k(z) = -53*z**3 - 3*z - 3. Let g be k(-1). Let s = 81 - g. Let b = 158 + s. What is the units digit of b?
6
Let n(q) = -8*q + 19. Let s be (3 + (-46)/(-4))/(3/(-12)). Let u = s + 42. What is the units digit of n(u)?
7
Suppose -7*o + 16 - 2 = 0. Suppose -7*s = o*s - 27. Suppose s*u - 92 = -8. What is the units digit of u?
8
Suppose 0 = 2*p + 4*r - 1490, 0*p + 2*r - 1498 = -2*p. Suppose 5*h - p - 487 = 0. What is the tens digit of h?
4
Suppose -2*a - 739 = -3*p, -5*a - 29 + 509 = 2*p. Let w = -43 + p. What is the units digit of w?
2
Let c = 4320 + -826. What is the hundreds digit of c?
4
What is the units digit of ((-600680)/240)/(1/(-6))?
7
Suppose 176 = -3*p + 2*y, -37*y + 33*y = 8. Let i = p + 247. What is the tens digit of i?
8
Let u(p) = -p**2 - 13*p - 36. Let z be u(-5). Suppose -z*d + m + 0*m = -145, -5*d + m = -182. Let y = -6 + d. What is the tens digit of y?
3
Let q(d) = 13*d**2 - 67*d + 990. What is the units digit of q(30)?
0
Suppose -69*o - 36 = -72*o. Suppose 0 = 4*z - 132 - 52. Let v = z + o. What is the tens digit of v?
5
Let d(h) = -h**2 + 27*h + 32. Let w be d(25). Suppose 0 = -2*c + 580 - w. What is the tens digit of (2/(-1 + -1))/((-3)/c)?
8
Let u be 1 - (4 + -7 + 0). Suppose 192 = -5*g + 2*p, 4*p = -u*g - 134 - 42. What is the tens digit of (-58)/((-4)/(-2) + g/16)?
1
Suppose -8*g = -24*g + 432. Suppose 2*s = f + 406, -5*f = -25*s + g*s - 382. What is 